by (-472)/(-34) - 16/(-136).
3
Let f(l) = -l. Let x be f(-8). Suppose -d + 3*i + x = -36, -5*d = 2*i - 152. What is the remainder when d is divided by (11/(-2))/(2/(-4))?
10
Let b = -3 + 7. Suppose -b*d - u + 188 = -4*u, 3*d = u + 141. What is the remainder when d is divided by 12?
11
Let z(k) = -11*k - 7*k**3 + 2*k**3 - 6*k**3 + 2*k**2 - 2 + 13*k. What is the remainder when z(-2) is divided by 23?
21
Let z = 5 + -4. Let w be (-1)/(-5) - (-72)/15. Suppose 2 = w*d - 3. What is the remainder when z is divided by d?
0
Suppose 2*v - 4*v = 3*c + 155, -5*c + 5*v - 250 = 0. Let w = 74 + c. What is the remainder when (67*-2)/(2/(-1)) is divided by w?
21
Let t(a) = a**2 + 7*a + 2. Let b = 35 + -16. What is the remainder when b is divided by t(-8)?
9
Let y = 5 - 2. Suppose -y*l = -l - 136. Suppose -l = -3*g - g. What is the remainder when g is divided by 6?
5
Let b = 9 + 7. What is the remainder when 62 is divided by b?
14
Suppose -2*s + 3*s = 2*n + 18, 3*n + 27 = -2*s. Let f = -7 - n. Calculate the remainder when 1/(-1*4/(-8)) is divided by f.
0
Let x be (20/(-1))/((-2)/1). Let l = 21 - x. What is the remainder when 43 is divided by l?
10
Let d(w) = -w - 7. Let l be d(-10). Suppose 0 = -a, -2*o - a = -l*o + 57. What is the remainder when o is divided by 15?
12
Let q(j) = -7*j + 1. Calculate the remainder when q(-4) is divided by 8.
5
Suppose 50 = -7*x + 806. What is the remainder when x is divided by 38?
32
Suppose 0 = 2*k - 34. What is the remainder when (2 + 32/(-5))*-15 is divided by k?
15
Suppose 4*y - 21 = 3*f, -3*y - 2*f - 3 = 2*f. Let r be (-4 + 3)/(1/(-2)). Suppose r*u = u + 2. Calculate the remainder when y is divided by u.
1
Let b(a) = -3*a - 16. What is the remainder when 32 is divided by b(-11)?
15
Suppose 5*x = f + 104, 13 = -2*x - f + 56. Suppose 15 = 3*s, 2 = 2*k + s - x. What is the remainder when k is divided by 4?
1
What is the remainder when 104 is divided by 9*((-7 - -3) + 5)?
5
Let o = 26 + -13. What is the remainder when 62 is divided by o?
10
Suppose 2*o + 28 = 4*o. Let z(t) = 4*t**2 - t + 1. What is the remainder when z(-3) is divided by o?
12
Suppose -6*d + 66 + 120 = 0. What is the remainder when 152 is divided by d?
28
Suppose 2*w - 5 = 7*w. Let n be (3 - 5) + (-22)/w. Let h = n + -8. What is the remainder when 34 is divided by h?
10
What is the remainder when ((-3)/6)/((-3)/42) is divided by 5?
2
Suppose 0 = 4*d - 93 + 9. Suppose 4*q + b - 46 = -1, -5*q - 3*b = -58. Calculate the remainder when d is divided by q.
10
Let b = -1 + 5. Suppose 3*m = b*m + 118. Let y = -80 - m. What is the remainder when y is divided by 20?
18
Let w(p) = p**3 + 7*p**2 + 5*p + 1. Suppose 5*g + 0*d - 25 = -d, g + 2*d - 5 = 0. Let m = g + -2. What is the remainder when w(-6) is divided by m?
1
Let v(n) be the first derivative of -n**4/4 - n**3/3 + 3*n**2/2 - 2*n - 3. What is the remainder when 12 is divided by v(-3)?
5
Suppose -33 = -10*u + 197. What is the remainder when u is divided by 8?
7
Let v = -91 - -127. What is the remainder when 107 is divided by v?
35
Suppose 2*w - 4*f = 28, 0 = 5*w - f + 2*f - 15. Suppose 2*s + 101 = 3*j + w*s, -2*j = -2*s - 84. What is the remainder when j is divided by 19?
18
Let s(r) = -r - 8. Let l be s(-6). What is the remainder when 51 + l + (-4)/(-1) is divided by 14?
11
Suppose 0 = 5*n - 10, 3*k = 3*n + 8 + 16. Suppose -4*l + k = l. Calculate the remainder when 57 is divided by (-1)/l*(-30)/1.
12
Suppose -5*r = -2*r. Suppose r = -4*c - 3*h + 191, 4*c - c = -h + 142. Calculate the remainder when c is divided by 12.
11
What is the remainder when 3*1 - (14 - 80) is divided by 14?
13
Suppose 4*g + 0*g - 3*s = 40, 0 = 3*s. What is the remainder when 39 is divided by g?
9
Let h(n) = n - 15*n**2 + 13*n**2 + 2 - 6*n**2 + n**3. Suppose -5*j + 50 = 3*b + 13, 5*b + 13 = j. What is the remainder when 17 is divided by h(j)?
7
Let p = -10 - -19. What is the remainder when 32 is divided by p?
5
Let a(m) = 5*m**2 + m + 1. Calculate the remainder when a(-1) is divided by 4.
1
Let d(u) = -u**2 + 7*u + 15. What is the remainder when d(8) is divided by 3?
1
Suppose -5*v = 6*u - u - 25, -2*u = -5*v - 17. Let d(p) = 23*p - 6. What is the remainder when d(1) is divided by u?
5
Suppose -3 = -2*d + 3. Suppose -87 = -4*l - b, -d*l - 112 = -7*l + 4*b. What is the remainder when l is divided by 6?
5
Let k = -6 + 18. Let t be 13 + 2/((-2)/(-3)). Let o = 37 - t. Calculate the remainder when o is divided by k.
9
Let p(y) = -y**2 + 11*y + 6. Calculate the remainder when p(11) is divided by 4.
2
Suppose 15 = 2*q + 3. Let g = 13 - q. What is the remainder when g is divided by 2?
1
Let r = 19 + -14. Suppose 5*o - t - 159 = 21, -r*t - 130 = -3*o. Calculate the remainder when o is divided by 12.
11
Let a(x) = -7*x - 4. Let q be (-9)/12 + (-1)/4. Let y(p) = -2*p**2 - 1. Let s be y(q). Calculate the remainder when 50 is divided by a(s).
16
Let o(j) = 2*j**2 - 2*j + 3. Let y = 30 + -16. Calculate the remainder when o(4) is divided by y.
13
Suppose -2*r = 3*r - 90. Calculate the remainder when r is divided by 10.
8
Let j = 27 - 25. Suppose j*n = 7*n - 50. What is the remainder when 19 is divided by n?
9
Suppose 3*c - 21 = -h, 27 = 4*h - 3*c - 87. What is the remainder when 132 is divided by h?
24
Let l(y) = -y**3 + 5*y**2 + 9*y - 2. Calculate the remainder when 77 is divided by l(6).
13
Let m = -5 + 8. Suppose -38 = -m*l - 14. What is the remainder when 30 is divided by l?
6
Suppose 0 = 5*y - 91 + 31. What is the remainder when 55 is divided by y?
7
Let h = -2 - -2. Suppose h = w - 19 + 6. What is the remainder when (-748)/(-20) - 2/10*2 is divided by w?
11
Suppose -j - 3*j + 98 = -5*n, -4*j + 8 = 0. Let k = -9 - n. What is the remainder when 24 is divided by k?
6
Suppose 4*n - 87 = -f, 3*f + 0*f = 5*n - 130. Calculate the remainder when n is divided by 13.
10
Suppose 0 = i - 4*o + 11, -2*o - 3*o = -i - 15. What is the remainder when ((-26)/(-3))/(12/18) is divided by i?
3
Suppose 5*h + 31 = -6*z + 7*z, -3*h = -3*z + 153. Let b(k) = 30*k**2 - k. Calculate the remainder when z is divided by b(1).
27
Let j(t) = -t**2 + 3. Let x be j(3). Let a(v) = -v**2 - 8*v + 4. Calculate the remainder when a(x) is divided by 9.
7
Let y(c) = -4*c**3 + 4. What is the remainder when 178 is divided by y(-2)?
34
Calculate the remainder when (2/(-4) + -2)*128/(-20) is divided by 6.
4
What is the remainder when 62 is divided by (5 + 18/(-6))*(-26)/(-4)?
10
Let i be 1 - 151 - (-3 - -6). What is the remainder when 9/12 - i/4 is divided by 20?
19
Let t(w) = w**3 - 3*w**2 - w - 1. Calculate the remainder when 30 is divided by t(4).
8
Suppose -11 = 3*t + 10. Let o be (-4 - t) + (2 - 1). Suppose -o*i + 3*i = -11. What is the remainder when 32 is divided by i?
10
Calculate the remainder when 142 is divided by ((-174)/(-6) - 3) + (-6)/(-2).
26
Suppose -u - 144 = -3*u. Suppose -l + 4*l = u. What is the remainder when l is divided by 13?
11
Let p(z) = -11*z - 17. Calculate the remainder when p(-5) is divided by 13.
12
Suppose 11 = 2*n - 39. Suppose 5*p - 36 = -11, 4*v - 4*p = -104. Calculate the remainder when n is divided by ((-1)/1)/(3/v).
4
Let a(x) = -2*x**2 + 2*x**3 + 0 + x - 2 - 1 + 7. Suppose 3*r - 32 = 34. What is the remainder when a(3) is divided by r?
21
Suppose 9*m - 160 = -25. What is the remainder when m is divided by 8?
7
Suppose -99 - 81 = -5*v. Calculate the remainder when 142 is divided by v.
34
Let i(j) = -j**3 + 8*j**2 - 8*j - 2. Calculate the remainder when i(6) is divided by 5.
2
Suppose 2*u + 0*u = 2*y + 44, -u = -5*y - 34. What is the remainder when u is divided by 4?
3
Let i = 4 + 1. Let x = -16 - -18. Suppose 0 = -w + 5*w - x*j - 258, 5*j + 325 = i*w. Calculate the remainder when w is divided by 22.
20
Suppose 32 + 0 = 2*x. Suppose -2*q = -6*q + 40. Calculate the remainder when x is divided by q.
6
What is the remainder when (112/(-20))/(2/(-25)) is divided by 36?
34
What is the remainder when ((-4)/(-10))/((-14)/(-770)) is divided by 9?
4
Let q(p) = -p**2 - 2*p + 12. Let i be q(-5). Suppose -3*o - 24 = -u - 121, -5*o + 2*u + 162 = 0. What is the remainder when o is divided by 20 + -6*i/(-6)?
15
Let z = 116 + -107. What is the remainder when 3/(-6) + 138/4 is divided by z?
7
Suppose -5*w + 25 = -q, 3*w = -5*q + 68 - 25. Suppose 0 = l - 4*l - 2*v + 42, -l 